or of p and 4?
4
Suppose 0 = 4*s - 18 + 2. Suppose 3*t = -s*l + 297, 4*t = -l + 34 + 362. Let z = -9 + 20. What is the greatest common factor of z and t?
11
Suppose -5*n + 2*n + 18 = 0. Calculate the highest common divisor of 12 and n.
6
Suppose 0*h + 160 = 5*h. Calculate the highest common factor of 8 and h.
8
Let t be 4/14 - 1380/(-21). Let n be (-13)/(26/(-8)) + (-4)/(-2). What is the greatest common divisor of n and t?
6
Let a = 152 - 128. Calculate the highest common divisor of a and 16.
8
Suppose -8*u - 2*u + 1920 = 0. Calculate the greatest common factor of u and 24.
24
Let l = 5 - 71. Let v = 126 + l. Let d = 20 + v. Calculate the greatest common factor of 10 and d.
10
Let r be (-24)/16*16/(-3). Let i = r - -7. What is the greatest common factor of i and 165?
15
Let h(l) be the first derivative of 8*l**2 - 4*l - 8. Let t be h(16). Calculate the greatest common factor of 28 and t.
28
Let q be 24/5 - 7/(-35). Let f be (-55)/(-2)*16/q. Calculate the highest common divisor of 11 and f.
11
Let s be 2/(-2*1/(-4)). Let h(z) = z**3 - 8*z**2 + 11*z - 24. Let x be h(7). What is the highest common factor of x and s?
4
Let s = 69 + -99. Let q = 138 - s. Calculate the greatest common divisor of q and 21.
21
Let u = 23 + -19. What is the highest common divisor of 4 and u?
4
Let m(c) = 4*c**2 + c. Let x be m(1). Suppose s - x - 10 = 0. Let d = s + -5. What is the greatest common factor of d and 30?
10
Suppose -5*a = -2*v + 36, 8*v - 16 = 5*v - 2*a. Calculate the greatest common factor of 4 and v.
4
Let x = -6 + 10. Suppose 12 - 52 = -x*z. Let n be (-808)/(-56) - 4/(-7). What is the highest common factor of z and n?
5
Suppose -3*v - 24 = -7*v. Let a(t) be the first derivative of 9*t**2/2 - 3*t - 8. Let m be a(5). What is the greatest common divisor of m and v?
6
Suppose -u = -4 + 5. Let s be (13 - 0) + 1/u. What is the greatest common factor of 36 and s?
12
Let r be 11/(-2)*4*-2. What is the greatest common factor of 11 and r?
11
Let t = 22 - -2. Calculate the highest common divisor of t and 3.
3
Let g(d) = d**3 - 5*d**2 + 6*d - 5. Let m be g(5). Suppose 5*n + 4*t - 393 = 0, -m = 5*t - 10. Calculate the highest common factor of n and 9.
9
Suppose 4*t - 3*n = 120, -3*t + n = 2*t - 161. Suppose -m = 1 - 7. Let f be (-11)/((21/m)/(-7)). What is the highest common divisor of f and t?
11
Suppose 2 = 5*r - 3. Let t be 2 + (2 - (r + -4)). Suppose j + 37 = 3*n, -2*j = -3*n - 4*j + 52. What is the greatest common factor of t and n?
7
Suppose 0 = -5*f + 123 + 632. Let x = f - 34. What is the highest common divisor of x and 13?
13
Let s be 3/((-9)/(-15)) - 0. Suppose -2*z = -3*r + 532, s*z = 3*z + 8. Suppose -4*k = -0*k - r. Calculate the highest common divisor of k and 9.
9
Let m = 137 - 127. What is the greatest common divisor of m and 110?
10
Let w be 2/(-8) - (-13)/(312/126). Let m be (2 - 0)/(2/45). Calculate the highest common divisor of m and w.
5
Suppose 7*q = 2*q + 5. What is the highest common factor of q and 7?
1
Let u(b) = b + 35. Let s be u(-11). Calculate the greatest common factor of s and 36.
12
Suppose 0 = 164*o - 161*o - 135. Calculate the greatest common factor of o and 36.
9
Suppose -5*t + 42 = -p - 13, 0 = -3*p - 15. Calculate the highest common factor of 70 and t.
10
Let s = 8 - 4. Let g = 27 + -18. Suppose -5*z + 47 = s*f, -g = -f - 3*z - z. What is the greatest common factor of 52 and f?
13
Suppose 0 = 5*w - 5*t - 1270, -w + 274 - 16 = -2*t. Suppose -5*n - w = -3*l, 2*l = 7*l - n - 446. Calculate the greatest common factor of l and 9.
9
Suppose 57 = y + i, 0 = 3*y - 0*i - i - 159. Calculate the greatest common factor of 27 and y.
27
Suppose 5*c - 38 - 12 = 0. Let r be c/(-2)*(-16)/5. Suppose -3*y + r = y. What is the greatest common divisor of 36 and y?
4
Suppose 5*k - 56 = -4*c - 20, -k - c = -8. Calculate the greatest common factor of k and 18.
2
Let t be (-2)/5 + (-132)/(-5). Let b(v) = -5*v - 11. Let l be b(-10). What is the highest common divisor of l and t?
13
Suppose p = -p - 44. Let c = 4 - p. Suppose 5*h - 24 = c. What is the highest common divisor of h and 10?
10
Suppose 27 = 4*o - 69. Suppose 2*q - 3*x - 216 = 0, 3*x + 2*x - 108 = -q. Suppose 3*f - 6*f = -q. What is the highest common factor of f and o?
12
Suppose -6*n + 5*n = -104. What is the highest common divisor of n and 13?
13
Let q(x) = 16*x**2 - 3*x + 3. Let b be q(2). Let n = b - 36. What is the greatest common factor of n and 10?
5
Let a(k) = 9*k - 14. Let u be a(6). What is the greatest common divisor of u and 30?
10
Suppose -5*b + 4*c = 0, -2*c = -b - 2 + 8. Let h = 64 + b. Calculate the highest common factor of 15 and h.
15
Suppose -x + 0*x = 4*t + 2, x = -t + 13. What is the greatest common factor of 126 and x?
18
Suppose 0 = 2*f + 15 + 1. Let o = -4 - f. Suppose 5*n = -2*s + 29 - 1, -3*s + 4*n - 4 = 0. What is the highest common divisor of o and s?
4
Let s(j) = 2*j + 16. Let t be s(0). Let g be 6/1*(-20)/(-3). Calculate the greatest common factor of g and t.
8
Suppose 5*r - 10 = 4*q - 8, -2*q + 14 = 5*r. Calculate the highest common factor of 32 and q.
2
Suppose 4*w - 3*y = 2*y - 13, -4*w = y - 17. Suppose -39 = -w*r - 3*c - 0*c, 0 = c. Suppose -m + 1 + r = 0. Calculate the greatest common divisor of 35 and m.
7
Suppose -2*x = -2*s + 5*s - 39, 4*s + 16 = 3*x. Let j be x/18 + (-188)/(-6). Calculate the greatest common divisor of 64 and j.
32
Suppose -3*z - 74 = -410. Suppose 2*w - 4*t = -4, 0*t = w - t - 1. Let i be w/6 + 80/6. What is the greatest common divisor of i and z?
14
Suppose 0 = 2*b - 4*b + k + 727, 3*b + 2*k - 1087 = 0. What is the greatest common factor of b and 33?
33
Let z(q) = -10*q - 14. Let p be z(-14). Calculate the greatest common divisor of 14 and p.
14
Suppose 8 = -4*x, -m + 6*m + 5*x = -10. Suppose 2*j - 5*v - 142 = 0, m = 4*v + 7 - 15. What is the greatest common factor of 19 and j?
19
Let v be (1/(-2))/((-3)/78). Let t = v + 7. Suppose j = 1 + 9. What is the highest common divisor of t and j?
10
Let g be (-13 + 15)/((-2)/(-12)). Let l = 10 + -6. Suppose -h - l*i - 19 = -2*h, -g = 3*i. What is the highest common divisor of 6 and h?
3
Let k = 14 + -3. Suppose 4*o - 303 = 181. Calculate the greatest common factor of k and o.
11
Suppose -20*v - 12 = -23*v. Calculate the greatest common factor of v and 32.
4
Let f = -10 - -10. Suppose f*j + 4 = j. Suppose 3*u = 10 + 86. What is the greatest common factor of j and u?
4
Suppose -14 = 8*z - 110. Calculate the greatest common divisor of z and 204.
12
Let z be -6*((-7)/3 + 2). Suppose 2 = -d - 5*g, -3*d + 5 + z = 2*g. Suppose -3*x = d - 39. What is the greatest common factor of x and 6?
6
Suppose -5*a = -15, -3*r = -0*r - 5*a + 21. Let m be ((-8)/5)/(r/20). Let q(h) = -h**3 - 2*h + 8. Let v be q(0). Calculate the highest common factor of v and m.
8
Suppose r = 6 + 19. Suppose 6*b - 3*b + 31 = 5*h, -5*b = -5*h + r. Suppose 4*d = -0 + h. What is the highest common divisor of 5 and d?
1
Suppose 0 = -w - 3*z + 21, 0*w - 5*w - 4*z + 127 = 0. What is the greatest common divisor of 9 and w?
9
Suppose 0*p - p + 3*z - 4 = 0, -20 = -p - 3*z. What is the highest common factor of 16 and p?
8
Suppose 0 = 4*f, 4*s - 5 = 3*s + 5*f. Suppose -s*a + 188 = -352. Calculate the greatest common divisor of 18 and a.
18
Suppose -6*j + 3*j = -54. Calculate the highest common factor of 126 and j.
18
Let y be (-39)/3*(-2 + -20). Calculate the highest common divisor of 26 and y.
26
Let s = 83 - 69. What is the greatest common divisor of s and 56?
14
Let j be -1*11 + (1 - -1). Let o be 6/(-4)*(-6)/j. Let i = o + 2. What is the highest common factor of i and 2?
1
Suppose -4*r + 110 = -3*r. Suppose 2*w + 3*w = r. Let p = -17 - -28. Calculate the greatest common divisor of w and p.
11
Suppose -2*n + 0*n = -32. Let c = 5 + n. Let b = 32 - c. What is the highest common divisor of 11 and b?
11
Suppose 4*d + 3*z - 56 = -z, z + 4 = 0. Calculate the greatest common divisor of d and 36.
18
Let u = -18 + 46. Suppose 10*o = 5*o + 20. What is the greatest common divisor of u and o?
4
Suppose 4*t - 67 - 169 = -4*n, -2*t - 3*n = -114. What is the greatest common factor of t and 9?
9
Let j be (12/20 - -1)/(4/20). Calculate the highest common factor of 8 and j.
8
Let y = 35 - 24. Let w = y + -6. Suppose 4*k - 17 = 3. Calculate the highest 